. Let w be 46*(19/t + -2). Suppose 3*j + 5*m - w = -0*j, j - 115 = -m. Is j prime?
False
Suppose 4*g = 2*z + 8, -z + 1 = -4*g + 11. Suppose -3*p = -g*f - 63, -2*f - 51 = f + 3*p. Let x = f + 62. Is x prime?
True
Suppose 0 = 2*v - 7*v. Suppose -3*x = 0, v*x + 4*x - 114 = -3*q. Is q a prime number?
False
Let t = -2607 + 4969. Is t a prime number?
False
Is 10395/54 - (-3)/(-2) a prime number?
True
Let a = -9 - -11. Suppose -3 = -a*t + 25. Is t composite?
True
Suppose -l - 589 = -3*l - 5*d, 0 = 4*l - 2*d - 1238. Is l a composite number?
False
Suppose 2*r - 7 = 6*r - 3*m, -r + 4*m - 18 = 0. Let k(n) = 276*n. Let d be k(r). Is d + 6 + (-1)/1 composite?
False
Let k = -3 - -5. Let q(i) = -i**3 - 8*i**2 + 3*i + 7. Let y(s) = -s**3. Let l(x) = k*y(x) - q(x). Is l(7) composite?
True
Suppose 12*c - 10*c = 1594. Is c prime?
True
Let d(j) = -2*j**3 - 11*j**2 + 4*j + 11. Is d(-8) a composite number?
True
Let p(t) = 5*t - 1. Let m be p(5). Let c = 8 - 19. Let i = c + m. Is i a prime number?
True
Let p be (-1)/(-3) - 2/6. Suppose -v + 2*r - 2 = p, 2*r - 3 = -3*v - 1. Suppose -y + 4*a + 37 = v, -5*a = y - 1 - 0. Is y a composite number?
True
Let f = -21 - -80. Is f prime?
True
Let h(c) = 227*c + 22. Is h(5) a composite number?
True
Suppose -20 = 2*q + 2*w, -3*q - 4*w = -6*q - 44. Is q/66 + (-6195)/(-11) a prime number?
True
Let p = 11 + -5. Let o be 70/22 + p/(-33). Suppose -2*v + 282 = o*k - v, 0 = 2*k - 5*v - 171. Is k a prime number?
False
Let g(o) = o**2 - 6*o + 9. Let v be g(9). Let u = v + -23. Is u prime?
True
Let o be 33/(-2)*80/(-12). Suppose 37 + 55 = 4*r + 4*a, -o = -4*r + 2*a. Is r a composite number?
True
Let c be (0 - (-94)/3)*3. Let l = -56 + c. Is l composite?
True
Let v = 28 + -30. Is (v/(-6))/((-6)/(-19422)) prime?
False
Let h(s) = 76*s**2 + 2*s - 1. Let o be h(1). Suppose 5*v + 2*t = 1035, -o - 123 = -v + t. Is v composite?
True
Suppose -101 = 3*j - 344. Suppose -4*q + 55 + j = 0. Is q prime?
False
Suppose u - 168 = 3*x, 0 = -4*u + 2*x + 491 + 141. Suppose 2*i + 2*i - u = 0. Is i a composite number?
True
Let o = -67 - -126. Is o a composite number?
False
Suppose 4*v + 31 = -33. Let q = v - -20. Is q a prime number?
False
Suppose -i + 2006 = i. Is i composite?
True
Suppose 4*h + 4*m - 331 = -h, -h - 3*m + 64 = 0. Let b = 10 - 6. Suppose -b*i = -5*i + h. Is i a composite number?
False
Let u(r) = r**3 - 5*r**2 - 2*r - 13. Is u(9) a composite number?
False
Suppose -5625 = -5*j + 3880. Is j a composite number?
False
Let p(g) = -g**3 - 5*g**2 - g - 1. Let o be p(-5). Suppose -4*t = o*y - 68, -y - 22 - 45 = -3*t. Is t prime?
False
Let k(m) = -6*m**3 - 2*m**3 - 1 + 4*m**3 + 0. Is k(-2) prime?
True
Let l(a) be the second derivative of -7*a**3 + a**2/2 + 2*a. Is l(-5) a composite number?
False
Suppose -5*i - y = 2*y - 1670, -5*i + 5*y = -1630. Is i composite?
False
Let m = 1817 - 1279. Is m prime?
False
Let a(y) = -4*y - 9. Let k be a(-6). Let r = 62 + k. Is r a prime number?
False
Let k(z) = -32*z + 11. Is k(-10) a prime number?
True
Suppose -4*k + 2*k + 191 = 3*n, -5*k + 315 = 5*n. Is n composite?
True
Let y(k) = -k**3 + k**2 - k + 2. Let n be y(0). Suppose 0 = 3*w + 2*w. Suppose 2*h = 4*d + 102, n*d = -w + 2. Is h composite?
False
Suppose 4*g = 3*u + 2779, -3*g - 2*u + 2098 = -7*u. Is g a composite number?
False
Let j = -114 - -301. Is j a composite number?
True
Suppose 2 = 4*c - 22. Let h = 9 - c. Is h a composite number?
False
Suppose -284*y = -279*y - 5695. Is y prime?
False
Is (0 - (-2326)/3)/((-4)/(-6)) a composite number?
False
Is 6/(-45) + (-2387)/(-15) a composite number?
True
Let r = 5 - 1. Suppose -c - r*c = -5. Let t(y) = 33*y**3 + y - 1. Is t(c) composite?
True
Let b(y) = -y**3 - 9*y**2 + 7*y + 7. Let q be b(-7). Let r = 361 + q. Is r a prime number?
False
Suppose j + 29 - 178 = 0. Is j a composite number?
False
Is 7/(-35) + (-1192)/(-10) prime?
False
Suppose -g - g = 0. Suppose g = p - 384 - 47. Is p prime?
True
Suppose 0 = -m - 0*m. Is (-3 - -143) + m + 3 prime?
False
Let c(y) = y**2 + 1 + 0*y**3 + 3*y**3 - 3*y + 2*y. Let p be c(1). Suppose -169 = -3*f - 2*n, -4*f = -9*f - p*n + 283. Is f a prime number?
False
Let p(s) = -19*s**2 - 2*s - 2. Let x(o) = -1. Let t(j) = -p(j) - 2*x(j). Is t(-3) a prime number?
False
Let u(a) = 6*a**2 + 9*a. Let m(v) = -13*v**2 - 18*v - 1. Let i(l) = -4*m(l) - 9*u(l). Let c(k) be the first derivative of i(k). Is c(-8) composite?
False
Suppose 0 = -c - c, -265 = -5*w + 5*c. Is w composite?
False
Let x be 1070/40 + (-1)/(-4). Let m be (220/(-6))/(2/x). Let u = 752 + m. Is u a prime number?
True
Let b be (-2895)/(-27) + (-2)/9. Let y = b - -104. Is y prime?
True
Let i = 682 + -230. Let d(c) = c + 167. Let m be d(0). Suppose -2*s + 5*u = -m, -3*s - 2*s + u = -i. Is s prime?
False
Let d(k) = -65*k + 16. Is d(-3) composite?
False
Let k(v) = -4*v - 4. Let x be k(-4). Suppose 7*j = 3*j + x. Is 1 + 0 - (j - 33) composite?
False
Let y = 98 + -63. Is y composite?
True
Suppose 2*o - 127 = -2*y + 3, 5*y = -4*o + 260. Suppose -6*s + o = -s. Is s a composite number?
False
Let l(z) = -63*z**3 - 3*z**2 + 1. Is l(-2) a composite number?
True
Let n = -1130 - -1897. Is n composite?
True
Is 1480/24*(1 - -2) a composite number?
True
Suppose 0 = 3*w - 4*n - 2, 17 = -2*w + n - 2*n. Let s(q) = -3*q - 3. Is s(w) composite?
True
Let a(j) = 3*j. Let t be a(1). Let w(n) = 2*n - t*n**2 + 12*n**2 - 3 + 0. Is w(2) prime?
True
Let t be (2*4)/2*2. Let i = t - 5. Suppose -i*v + 12 + 21 = 0. Is v a prime number?
True
Let p = 44 - -207. Is p prime?
True
Let q(m) = m**2 - 2*m - 5. Let u be q(4). Let r be 699/6 + (-2)/(-4). Suppose -4*a = 4*b - 140, r = a + 2*a - u*b. Is a a prime number?
True
Let h be 1 - (9*-1)/3. Suppose -c + 0 = -h. Suppose -c*a + 24 = -124. Is a a composite number?
False
Let k(n) = 2*n - 4. Let l be k(2). Suppose l*q + q = 26. Is q prime?
False
Suppose 4*a - 2136 = 5476. Is a composite?
True
Suppose 13 = 2*k - 5*a - 23, a = -5*k + 117. Suppose k = 3*i + 2. Suppose i = t - 46. Is t a composite number?
False
Suppose 5 - 92 = -2*z + 3*c, z - 2*c = 41. Suppose -2*r = 2*i - 112, -5*i + z + 229 = r. Let y = i - 22. Is y a prime number?
False
Suppose -815 = 5*d - 6*d. Is d composite?
True
Suppose 0*q = 3*y - 5*q - 121, 0 = 4*y - q - 150. Is y prime?
True
Suppose 3*w + 9 = 114. Is w a composite number?
True
Let w(n) be the first derivative of 16*n**3/3 - n**2/2 + n - 2. Is w(-2) a prime number?
True
Suppose -186 = -4*x - 50. Suppose f - h = x, -3*f = -h + 25 - 127. Is f composite?
True
Let b = 5 + -4. Is b/((-3)/(-6)) - -35 a composite number?
False
Suppose 3*f = f + 2. Let m be 2*(-2 + 2 + f). Let k(y) = y**2 - 2*y + 3. Is k(m) a prime number?
True
Let r(j) = -j - 9. Let a(k) = -k - 8. Suppose 6*h + 10 = 4*h. Let m(d) = h*a(d) + 4*r(d). Is m(-2) a prime number?
True
Let r(n) = -n**3 - 9*n**2 + 3. Let t be r(-9). Suppose t*b - 254 = b. Is b composite?
False
Suppose -m - 717 = -2*x, 3*x = m - 0*m + 1075. Is x a composite number?
True
Let p(i) = i**2 + i - 10. Let v(z) = 2*z**2 + 2*z - 21. Let l(a) = 7*p(a) - 3*v(a). Suppose 3*g = 15 + 3. Is l(g) a prime number?
False
Let u(l) = l**3 + 2*l**2 - 5*l - 4. Let w be u(9). Suppose 3*d + w = 4*q - 668, -3*d - 373 = -q. Is q a composite number?
False
Let g(s) = s. Let h(v) = -19*v + 4. Let b(l) = 2*g(l) + h(l). Let o(q) = q**3 - 6*q**2 + 4*q + 2. Let p be o(5). Is b(p) a prime number?
False
Let g(o) = o**3 + 3*o**2 - 5*o + 1. Let h be g(-4). Suppose -3*p + 157 = h*m, m = 4*p - 4*m - 186. Is p a prime number?
False
Let w(m) = 2*m + 1. Let f(q) = -q**2 + q - 8. Let c be f(0). Let o be w(c). Is 3/3 - 1 - o a composite number?
True
Let s(r) = r**2 - 6*r + 15. Is s(19) a prime number?
False
Suppose 1 = -2*p - 3. Let f = 13 - p. Is f prime?
False
Suppose 0 = 4*d - 3*o - 4024, 4*d - 501 - 3515 = 5*o. Is d a composite number?
False
Let s = -68 - -555. Is s a prime number?
True
Let b(w) = -2*w - 7. Let z be b(-6). Suppose z = -5*g + 20. Is 1/g - (-112)/6 a prime number?
True
Let b = 23 + 155. Is b prime?
False
Let a be (-2 + 3 + -2)*0. Suppose -3*v + 918 = 3*b, 5*v - 2*b + 52 - 1547 = a. Is v a prime number?
False
Let v(k) = -k**3 + 6*k**2 + 2*k + 7. Is v(6) composite?
False
Let c(u) = -11*u**3 - 5*u**2 - u + 4. Is c(-3) a composite number?
True
Let g = 2925 - -1036. Is g prime?
False
Let j be 